318595112.
2, 2029, 142841
What are the prime factors of 54806295?
3, 5, 31, 43, 2741
What are the prime factors of 320261083?
6353, 50411
What are the prime factors of 15444897?
3, 13, 239, 1657
List the prime factors of 959417884.
2, 31, 7737241
What are the prime factors of 226894796?
2, 56723699
What are the prime factors of 48485076?
2, 3, 1759, 2297
What are the prime factors of 1292729485?
5, 258545897
What are the prime factors of 164600895?
3, 5, 19, 577547
What are the prime factors of 36336939?
3, 17, 712489
List the prime factors of 75312656.
2, 19, 247739
List the prime factors of 127750401.
3, 571, 24859
What are the prime factors of 3455920580?
2, 5, 7, 24685147
What are the prime factors of 3331848883?
11, 211, 1435523
What are the prime factors of 416794?
2, 7, 4253
What are the prime factors of 330420582?
2, 3, 37, 496127
List the prime factors of 19556357.
43, 454799
What are the prime factors of 132363448?
2, 7, 131, 18043
What are the prime factors of 824448996?
2, 3, 7, 47, 23203
What are the prime factors of 109976679?
3, 12219631
What are the prime factors of 11684520?
2, 3, 5, 31, 349
What are the prime factors of 7988683689?
3, 7, 2587847
What are the prime factors of 79108410?
2, 3, 5, 1091, 2417
List the prime factors of 806592138.
2, 3, 11, 29, 421417
List the prime factors of 5995875.
3, 5, 59, 271
List the prime factors of 9154817.
7, 83, 2251
What are the prime factors of 45712541?
7, 17, 54877
What are the prime factors of 23933575?
5, 47, 20369
List the prime factors of 84821830.
2, 5, 1657, 5119
What are the prime factors of 2451908060?
2, 5, 7, 357421
List the prime factors of 982299.
3, 327433
What are the prime factors of 447665783?
19, 23561357
What are the prime factors of 80650577?
7, 53, 217387
What are the prime factors of 154856392?
2, 107, 180907
What are the prime factors of 61940674?
2, 101, 239, 1283
List the prime factors of 149220594.
2, 3, 17, 487649
List the prime factors of 661137656.
2, 229, 563, 641
List the prime factors of 986018883.
3, 37, 8883053
What are the prime factors of 3187183390?
2, 5, 318718339
List the prime factors of 1771629174.
2, 3, 7, 107, 331, 397
What are the prime factors of 2541302073?
3, 1103, 85333
List the prime factors of 135075832.
2, 16884479
List the prime factors of 306144830.
2, 5, 379, 80777
What are the prime factors of 20321432?
2, 2540179
List the prime factors of 31856424.
2, 3, 1327351
List the prime factors of 38301082.
2, 19150541
What are the prime factors of 1618403433?
3, 2549, 211639
What are the prime factors of 670910062?
2, 2473, 135647
List the prime factors of 717695753.
717695753
List the prime factors of 2918504311.
2918504311
List the prime factors of 1670855901.
3, 11, 13, 73, 53353
List the prime factors of 1162723644.
2, 3, 32297879
List the prime factors of 31819746.
2, 3, 7, 491, 1543
List the prime factors of 283707738.
2, 3, 5253847
What are the prime factors of 391173793?
79, 4951567
What are the prime factors of 115760604?
2, 3, 9646717
What are the prime factors of 58255231?
31, 47, 39983
What are the prime factors of 191955578?
2, 1621, 59209
List the prime factors of 776201438.
2, 388100719
List the prime factors of 214749023.
139, 1544957
What are the prime factors of 1730470126?
2, 7, 11, 107, 9547
What are the prime factors of 492977655?
3, 5, 31, 353389
List the prime factors of 259924661.
259924661
List the prime factors of 167362127.
17, 19, 27271
List the prime factors of 2044585662.
2, 3, 7, 2063, 3371
List the prime factors of 143610488.
2, 7, 271, 9463
What are the prime factors of 1779024526?
2, 5981, 148723
What are the prime factors of 27693627?
3, 13, 179, 3967
List the prime factors of 12472029.
3, 607, 761
List the prime factors of 3218944692.
2, 3, 268245391
What are the prime factors of 774001743?
3, 71, 1409, 2579
List the prime factors of 272832190.
2, 5, 829, 32911
List the prime factors of 59597989.
11, 5417999
List the prime factors of 15341475.
3, 5, 59, 3467
What are the prime factors of 247267844?
2, 61816961
List the prime factors of 136877586.
2, 3, 31, 735901
List the prime factors of 3419785241.
29, 983, 119963
What are the prime factors of 129719974?
2, 64859987
List the prime factors of 226872401.
7, 373, 12413
List the prime factors of 23901769.
23901769
What are the prime factors of 1131141151?
7, 47, 151, 22769
What are the prime factors of 437730518?
2, 17, 12874427
List the prime factors of 4462712352.
2, 3, 7, 2213647
What are the prime factors of 35746252?
2, 8936563
What are the prime factors of 2938923476?
2, 734730869
List the prime factors of 67465205.
5, 13493041
List the prime factors of 70965788.
2, 199, 89153
List the prime factors of 1248216223.
251, 1699, 2927
List the prime factors of 536223355.
5, 107244671
List the prime factors of 401934732.
2, 3, 33494561
What are the prime factors of 10242200?
2, 5, 83, 617
What are the prime factors of 9756918?
2, 3, 19, 47, 607
List the prime factors of 1747377452.
2, 61, 1229, 5827
What are the prime factors of 4312541977?
35617, 121081
List the prime factors of 136102602.
2, 3, 293, 77419
List the prime factors of 123494580.
2, 3, 5, 11, 97, 643
What are the prime factors of 119654289?
3, 1439, 9239
What are the prime factors of 2479436992?
2, 38741203
What are the prime factors of 292329590?
2, 5, 7, 41, 14551
List the prime factors of 28277566.
2, 127, 163, 683
List the prime factors of 7557316455.
3, 5, 13, 179, 317, 683
List the prime factors of 1670939680.
2, 5, 31, 137, 2459
What are the prime factors of 319477501?
7, 79, 82531
What are the prime factors of 55324219?
19, 233, 12497
List the prime factors of 16038910.
2, 5, 1603891
What are the prime factors of 49977433?
11, 17, 267259
List the prime factors of 1084600684.
2, 37, 7328383
List the prime factors of 4895312.
2, 19, 16103
List the prime factors of 331886322.
2, 3, 409, 5009
List the prime factors of 22409564.
2, 2003, 2797
List the prime factors of 467190284.
2, 11, 103, 103087
What are the prime factors of 71935094?
2, 7, 11, 251, 1861
List the prime factors of 50152613.
7, 397, 18047
List the prime factors of 333230504.
2, 53, 785921
What are the prime factors of 3711916811?
3711916811
List the prime factors of 845828503.
13, 65063731
List the prime factors of 733160482.
2, 366580241
What are the prime factors of 45456022?
2, 523, 43457
What are the prime factors of 2853106371?
3, 37, 277, 30931
What are the prime factors of 242968633?
4889, 49697
List the prime factors of 6919356991.
5077, 1362883
List the prime factors of 314188357.
7, 44884051
List the prime factors of 363532609.
11, 41, 806059
What are the prime factors of 263512427?
17, 127, 122053
What are the prime factors of 683195229?
3, 2811503
What are the prime factors of 31740690?
2, 3, 5, 23, 157, 293
What are the prime factors of 897323666?
2, 173, 2593421
List the prime factors of 3709488359.
1061, 3496219
List the prime factors of 48728008.
2, 7, 19, 41, 1117
List the prime factors of 632910881.
19, 33311099
What are the prime factors of 28502960?
2, 5, 356287
List the prime factors of 55412090.
2, 5, 107, 51787
List the prime factors of 880186323.
3, 1063, 276007
What are the prime factors of 254550814?
2, 7, 18182201
What are the prime factors of 1020668325?
3, 5, 13608911
What are the prime factors of 15506145?
3, 5, 37, 67, 139
List the prime factors of 2956125039.
3, 7, 241, 584099
What are the prime factors of 61921486?
2, 11, 83, 33911
What are the prime factors of 140623797?
3, 271, 172969
List the prime factors of 297619074.
2, 3, 137, 120689
What are the prime factors of 734393878?
2, 389, 943951
List the prime factors of 2163933505.
5, 43, 67, 150221
List the prime factors of 239379530.
2, 5, 13, 467, 3943
List the prime factors of 3062746490.
2, 5, 3449, 88801
What are the prime factors of 842133874?
2, 47, 8958871
What are the prime factors of 23996421?
3, 59, 45191
List the prime factors of 63711086.
2, 29, 701, 1567
What are the prime factors of 2170713080?
2, 5, 54267827
What are the prime factors of 45216689?
7, 23, 163, 1723
What are the prime factors of 298488653?
298488653
List the prime factors of 788793790.
2, 5, 4987, 15817
List the prime factors of 56791116.
2, 3, 157753